
Is 29923107 prime?
False
Is 317453 a composite number?
False
Is 38918918 a prime number?
False
Is 3837423 prime?
False
Is 71985383 a prime number?
True
Is 3585667 prime?
True
Is 11325397 prime?
True
Is 11138707 prime?
True
Is 55959307 composite?
False
Is 4472609 a composite number?
False
Is 2756027 a prime number?
False
Is 58141453 a prime number?
True
Is 959207 prime?
True
Is 96399869 a composite number?
False
Is 604973 prime?
True
Is 1083352385 a prime number?
False
Is 1516651 prime?
True
Is 284917 a composite number?
False
Is 20134703 a prime number?
True
Is 55709687 a composite number?
True
Is 2648557 prime?
True
Is 29795195 composite?
True
Is 22130321 prime?
True
Is 184641451 prime?
True
Is 17856262 a composite number?
True
Is 923309 a composite number?
False
Is 805849 a composite number?
True
Is 596237 a prime number?
False
Is 12338539 a prime number?
True
Is 188827 prime?
True
Is 12719191 composite?
False
Is 2762093 composite?
True
Is 353603 prime?
True
Is 5112301 a composite number?
True
Is 11619457 prime?
True
Is 142875659 a prime number?
False
Is 29266577 composite?
True
Is 9492259 composite?
True
Is 61107607 composite?
True
Is 57868441 a composite number?
True
Is 1354911 composite?
True
Is 2128673 composite?
True
Is 2322271 a prime number?
False
Is 60153713 a composite number?
False
Is 320397143 prime?
False
Is 55883441 a composite number?
False
Is 190924247 composite?
True
Is 61659077 a prime number?
True
Is 1817737 a composite number?
False
Is 37855613 composite?
False
Is 65393285 a prime number?
False
Is 156613913 a prime number?
False
Is 414032198 composite?
True
Is 9101185 a composite number?
True
Is 7539869 a composite number?
False
Is 67696523 prime?
True
Is 2033459 a composite number?
False
Is 46919729 composite?
False
Is 1995583 composite?
False
Is 808613 prime?
False
Is 145362821 composite?
False
Is 9805189 composite?
False
Is 2876407 a composite number?
True
Is 17227151 a composite number?
False
Is 10016257 composite?
True
Is 31732597 a composite number?
True
Is 550469341 composite?
True
Is 462435097 prime?
False
Is 9643 a composite number?
False
Is 4187177 a prime number?
True
Is 6347753 composite?
False
Is 49870951 composite?
True
Is 22081897 a prime number?
True
Is 13041134 a prime number?
False
Is 1013305 composite?
True
Is 73162031 a composite number?
False
Is 36799171 a prime number?
True
Is 31890367 composite?
False
Is 6300793 composite?
False
Is 55886227 a prime number?
True
Is 75189239 a prime number?
True
Is 1101071 a prime number?
True
Is 21645317 a composite number?
False
Is 25452313 a composite number?
False
Is 41047 a composite number?
False
Is 1891117 prime?
False
Is 26002111 prime?
False
Is 11824363 a prime number?
True
Is 12638623 prime?
False
Is 10522774 composite?
True
Is 2656229 a composite number?
False
Is 737017 a composite number?
False
Is 6456083 a prime number?
True
Is 9122393 prime?
False
Is 269350559 a composite number?
False
Is 227840759 prime?
False
Is 2265461 prime?
False
Is 356240821 composite?
False
Is 78468319 a composite number?
False
Is 5579593 prime?
False
Is 16970999 a composite number?
False
Is 52929907 a prime number?
True
Is 12820013 prime?
False
Is 33570661 prime?
False
Is 3960959 a prime number?
True
Is 14748241 prime?
False
Is 45538135 a composite number?
True
Is 92995523 a composite number?
False
Is 585491 prime?
False
Is 4328017 a prime number?
True
Is 21857711 a prime number?
True
Is 218291659 composite?
True
Is 125833 a composite number?
True
Is 28891637 composite?
True
Is 40922993 a prime number?
True
Is 3391 a prime number?
True
Is 8633453 a prime number?
True
Is 4509601 a prime number?
False
Is 1628941 a prime number?
False
Is 14000165 a prime number?
False
Is 11970857 prime?
True
Is 184951391 composite?
False
Is 1308137 a composite number?
False
Is 307680869 prime?
True
Is 440711 a composite number?
False
Is 356291227 a prime number?
False
Is 1420219 a composite number?
True
Is 5967089 composite?
True
Is 34436663 composite?
False
Is 5456027 a prime number?
True
Is 9335581 prime?
False
Is 52866629 prime?
True
Is 5195935 prime?
False
Is 4397633 a prime number?
False
Is 1243049 composite?
True
Is 6665497 a composite number?
False
Is 8848033 a composite number?
True
Is 33954707 a composite number?
False
Is 8025419 prime?
False
Is 4040774 a prime number?
False
Is 71705713 prime?
False
Is 157179931 composite?
False
Is 91154377 a prime number?
False
Is 33803263 a prime number?
False
Is 6274133 prime?
True
Is 2720771 a composite number?
True
Is 3972179 a composite number?
True
Is 61312711 a prime number?
False
Is 2197007 prime?
False
Is 4414258 a composite number?
True
Is 12232939 prime?
False
Is 373613 a composite number?
False
Is 20443613 a composite number?
False
Is 9038773 composite?
False
Is 1234427 prime?
False
Is 81061 a prime number?
False
Is 809981 a composite number?
False
Is 139522 a composite number?
True
Is 209177743 composite?
True
Is 56458453 prime?
True
Is 1207039 a prime number?
True
Is 252837733 a composite number?
True
Is 4536197 a composite number?
True
Is 2050753 a composite number?
True
Is 8823319 a prime number?
False
Is 4505803 composite?
True
Is 60977881 a prime number?
True
Is 8293393 a prime number?
True
Is 340951153 composite?
False
Is 307524967 a composite number?
False
Is 1506025333 a prime number?
True
Is 5202893 prime?
True
Is 3171989 a composite number?
False
Is 10819487 composite?
True
Is 225041617 prime?
False
Is 621101 a prime number?
False
Is 266039 prime?
False
Is 6845273 a composite number?
True
Is 9683099 composite?
False
Is 64560943 composite?
True
Is 3800719 composite?
True
Is 2112919 prime?
True
Is 191373167 a composite number?
True
Is 3503755 a composite number?
True
Is 2544023 composite?
True
Is 2642917 composite?
True
Is 5146139 a composite number?
True
Is 831799 prime?
True
Is 14798717 a prime number?
True
Is 656776709 composite?
False
Is 66866531 composite?
True
Is 42973747 composite?
False
Is 37774199 composite?
False
Is 1580297 a composite number?
True
Is 659779 prime?
False
Is 37547795 a prime number?
False
Is 276710011 a prime number?
True
Is 26156618 a prime number?
False
Is 251279 a prime number?
False
Is 9375739 a composite number?
False
Is 14450273 a composite number?
True
Is 6424123 prime?
True
Is 29230073 a prime number?
True
Is 645877 prime?
True
Is 232988809 a composite number?
True
Is 7258499 a composite number?
True
Is 4812979 prime?
False
Is 1562683 a composite number?
True
Is 10098769 composite?
True
Is 1245833 prime?
True
Is 117932593 a composite number?
False
Is 2799733 composite?
False
Is 144286319 a composite number?
False
Is 5650609 prime?
True
Is 18520729 a prime number?
True
Is 662224621 a prime number?
True
Is 66466489 composite?
True
Is 88426961 a composite number?
True
Is 189250162 a prime number?
False
Is 1012369 a composite number?
False
Is 1361257 a prime number?
False
Is 4797805 a composite number?
True
Is 1520713 prime?
False
Is 414344329 composite?
True
Is 11350177 a prime number?
True
Is 20221633 composite?
False
Is 16874911 prime?
False
Is 2029667 composite?
False
Is 78840427 composite?
False
Is 14784151 a composite number?
True
Is 1966837 prime?
False
Is 1372953 a prime number?
False
Is 1873441 a prime number?
True
Is 4170323 a composite number?
True
Is 14083283 a composite number?
False
Is 311210813 composite?
False
Is 237945709 a composite number?
True
Is 1675253 prime?
False
Is 11878323 composite?
True
Is 225014147 a prime number?
False
Is 528401 prime?
True
Is 5399129 a composite number?
True
Is 148875827 prime?
False
Is 10506659 prime?
True
Is 19387549 prime?
False
Is 4037543 prime?
True
Is 4238257 a prime number?
True
Is 62879951 a prime number?
True
Is 381979 a composite number?
True
Is 32968157 a prime number?
False
Is 12338849 composite?
False
Is 65310341 a composite number?
False
Is 34877497 a prime number?
True
Is 1934063 composite?
False
Is 6432427 composite?
False
Is 418983 a composite number?
True
Is 1724551 prime?
True
Is 33285251 composite?
False
Is 97336945 composite?
True
Is 64751254 composite?
True
Is 6837163 prime?
False
Is 365837 a prime number?
True
Is 64779829 a prime number?
True
Is 71849851 prime?
True
Is 2157121 composite?
False
Is 747718 prime?
False
Is 119708381 co